hat is the remainder when 14448937 is divided by 106242?
25
What is the remainder when 54597 is divided by 53898?
699
Calculate the remainder when 210559946 is divided by 9570906.
14
What is the remainder when 7336 is divided by 74?
10
What is the remainder when 62243179 is divided by 441?
439
What is the remainder when 136367 is divided by 179?
148
What is the remainder when 365841565 is divided by 1956372?
1
Calculate the remainder when 43169 is divided by 8579.
274
Calculate the remainder when 6769660 is divided by 240.
220
What is the remainder when 8164458 is divided by 447?
3
What is the remainder when 1014103 is divided by 337861?
520
Calculate the remainder when 67528979 is divided by 4401.
35
Calculate the remainder when 108288 is divided by 54053.
182
What is the remainder when 1182988 is divided by 12?
4
Calculate the remainder when 78754 is divided by 13.
0
Calculate the remainder when 5279299 is divided by 49.
39
Calculate the remainder when 122082161 is divided by 239.
5
What is the remainder when 5126833 is divided by 1281691?
69
What is the remainder when 3971681 is divided by 1323889?
14
Calculate the remainder when 38858650 is divided by 9714639.
94
Calculate the remainder when 217225 is divided by 4131.
2413
What is the remainder when 39763977 is divided by 10001?
1
Calculate the remainder when 277293 is divided by 142.
109
Calculate the remainder when 3019678 is divided by 65645.
8
Calculate the remainder when 3295279 is divided by 1098413.
40
What is the remainder when 1142860 is divided by 380946?
22
What is the remainder when 932830 is divided by 25172?
1466
Calculate the remainder when 153397 is divided by 76387.
623
What is the remainder when 422 is divided by 56?
30
What is the remainder when 14051383 is divided by 465?
13
Calculate the remainder when 33037561 is divided by 34.
33
What is the remainder when 646459 is divided by 21?
16
What is the remainder when 445072 is divided by 2529?
2497
What is the remainder when 3738372 is divided by 1869048?
276
What is the remainder when 156612 is divided by 22348?
176
Calculate the remainder when 59720 is divided by 1509.
869
What is the remainder when 50323745 is divided by 7004?
5
Calculate the remainder when 28608 is divided by 608.
32
What is the remainder when 4435015 is divided by 12?
7
What is the remainder when 6136297 is divided by 337?
201
Calculate the remainder when 24627322 is divided by 1.
0
Calculate the remainder when 14195880 is divided by 6760.
6640
What is the remainder when 89964753 is divided by 2268?
2265
What is the remainder when 11517263 is divided by 81?
35
Calculate the remainder when 29355264 is divided by 23.
19
Calculate the remainder when 25027567 is divided by 11.
4
Calculate the remainder when 1489510 is divided by 496461.
127
Calculate the remainder when 11726443 is divided by 718.
67
Calculate the remainder when 769823 is divided by 208.
15
What is the remainder when 1595210 is divided by 595?
15
Calculate the remainder when 13040810 is divided by 45.
35
Calculate the remainder when 40502153 is divided by 13500709.
26
What is the remainder when 422068 is divided by 17565?
508
What is the remainder when 2680366 is divided by 4574?
2
What is the remainder when 226154 is divided by 17391?
71
Calculate the remainder when 67597 is divided by 4209.
253
What is the remainder when 4043398 is divided by 2760?
2758
What is the remainder when 1284479 is divided by 321119?
3
What is the remainder when 646516 is divided by 422?
12
What is the remainder when 39933 is divided by 327?
39
What is the remainder when 62167 is divided by 14?
7
What is the remainder when 2873331 is divided by 957172?
1815
What is the remainder when 1551144 is divided by 172343?
57
What is the remainder when 12561823 is divided by 2248?
2247
What is the remainder when 2633836 is divided by 877519?
1279
Calculate the remainder when 2431 is divided by 1834.
597
What is the remainder when 163822668 is divided by 1800249?
9
What is the remainder when 80645 is divided by 643?
270
What is the remainder when 134363 is divided by 67072?
219
Calculate the remainder when 225894 is divided by 879.
870
Calculate the remainder when 184639 is divided by 447.
28
Calculate the remainder when 1701240 is divided by 13.
8
What is the remainder when 1702991 is divided by 24681?
2
Calculate the remainder when 1249668 is divided by 921.
792
Calculate the remainder when 7588624 is divided by 113263.
3
Calculate the remainder when 626836059 is divided by 6518.
6517
Calculate the remainder when 20342536 is divided by 134.
130
What is the remainder when 1562407 is divided by 21700?
7
Calculate the remainder when 1848166 is divided by 34868.
162
What is the remainder when 105382 is divided by 266?
46
Calculate the remainder when 2069401 is divided by 79.
75
Calculate the remainder when 1379391 is divided by 459793.
12
What is the remainder when 1576784 is divided by 411?
188
Calculate the remainder when 1487939 is divided by 990.
959
Calculate the remainder when 21906733 is divided by 1432.
1429
What is the remainder when 7761114 is divided by 1940255?
94
What is the remainder when 2507417 is divided by 20221?
13
Calculate the remainder when 779294 is divided by 389570.
154
What is the remainder when 38607854 is divided by 46?
8
Calculate the remainder when 131776 is divided by 9279.
1870
Calculate the remainder when 71586 is divided by 35670.
246
Calculate the remainder when 15063 is divided by 2615.
1988
Calculate the remainder when 3061588 is divided by 122.
120
What is the remainder when 3397568 is divided by 1132521?
5
What is the remainder when 217748 is divided by 570?
8
Calculate the remainder when 350181 is divided by 62.
5
What is the remainder when 3858430 is divided by 82?
2
What is the remainder when 791994 is divided by 2658?
2568
Calculate the remainder when 20472279 is divided by 30018.
3
What is the remainder when 3012809 is divided by 634?
41
What is the remainder when 2114133 is divided by 24872?
13
Calculate the remainder when 1160928 is divided by 16825.
3
Calculate the remainder when 10467 is divided by 2054.
197
What is the remainder when 54531 is divided by 4168?
347
Calculate the remainder when 839868 is divided by 740.
708
Calculate the remainder when 55099 is divided by 13371.
1615
What is the remainder when 5398379 is divided by 350?
329
What is the remainder when 115030726 is divided by 219944?
14
Calculate the remainder when 78695 is divided by 1983.
1358
Calculate the remainder when 367815 is divided by 615.
45
Calculate the remainder when 88562828 is divided by 109.
1
Calculate the remainder when 1227 is divided by 337.
216
What is the remainder when 190906 is divided by 2245?
81
Calculate the remainder when 39707 is divided by 3811.
1597
Calculate the remainder when 3069274 is divided by 732.
730
What is the remainder when 24879048 is divided by 14?
12
What is the remainder when 21697386 is divided by 715?
711
What is the remainder when 735267 is divided by 244?
95
Calculate the remainder when 147804 is divided by 5680.
124
What is the remainder when 65483 is divided by 3113?
110
What is the remainder when 125491297 is divided by 164?
137
What is the remainder when 82716698 is divided by 275?
273
What is the remainder when 2331568 is divided by 777136?
160
What is the remainder when 10349199 is divided by 506?
487
What is the remainder when 1229552 is divided by 1518?
1490
What is the remainder when 527932 is divided by 1590?
52
What is the remainder when 1676651 is divided by 2484?
2435
Calculate the remainder when 1754315 is divided by 31864.
1795
Calculate the remainder when 7866939 is divided by 114013.
42
Calculate the remainder when 113938 is divided by 2783.
2618
What is the remainder when 422075 is divided by 140671?
62
Calculate the remainder when 170525295 is divided by 14210441.
3
What is the remainder when 580492 is divided by 579897?
595
What is the remainder when 3650281 is divided by 521458?
75
Calculate the remainder when 24123955 is divided by 18193.
37
Calculate the remainder when 106716 is divided by 3209.
819
What is the remainder when 61335175 is divided by 82?
77
What is the remainder when 100835 is divided by 97734?
3101
Calculate the remainder 